et d be ((-3 - -3)*1)/(-1). Suppose -3*y = r - 0*r - 2, d = -2*r + 3*y + 31. Suppose 0 = r*g - 15*g + 52. Is g composite?
False
Let r = 430 - 247. Let m be 120*-5*6/(-90). Let x = m + r. Is x composite?
False
Let d = 16 - 14. Suppose 4*s + g = -0*g - 829, -4*g - 418 = d*s. Let r = s + 461. Is r prime?
False
Let j = 18 - 16. Suppose -4*c + 12 = 2*a, 0 = -4*c + 6*a - j*a. Suppose -c*b = -5*b + 4*h + 151, 5*b = -h + 244. Is b a prime number?
False
Let g be (0 + 1)/(2/8). Let v be 24/(-10) + g/10. Is 438/3 + (v - -2) a prime number?
False
Let l = -73 - -19. Let o = 667 + l. Is o prime?
True
Let b(z) = 6*z**2 - 56*z - 53. Let w(c) = -9*c**2 + 84*c + 79. Let i(k) = -7*b(k) - 5*w(k). Is i(25) a composite number?
False
Is (-18)/3 + 1499 + 18 prime?
True
Let i = -18 + 23. Let q(v) = 2*v**3 + 4*v**2 - 5*v + 10. Is q(i) a prime number?
False
Let d(q) = 23*q**2 - 3*q + 11. Is d(5) prime?
True
Suppose -105570 = -5*l + 5*y, -4*y = -4*l - 6*y + 84480. Is l composite?
True
Suppose 29 + 10 = -4*q + j, 3*j = -5*q - 36. Let p(f) = -f**3 - 9*f**2 + f + 8. Let b be p(q). Is b/3 + (-1876)/(-21) composite?
False
Suppose b - 163 = -4*g, -2*b - 12 = -6*b. Suppose -g = -8*d - 16. Suppose 0 = -5*r + 4*c + 223, 0 = 2*r - d*c - 0*c - 92. Is r composite?
False
Let b(u) = 3*u + 28. Let k be b(-13). Let o(g) = 5*g**2 + 8*g - 12. Is o(k) a prime number?
False
Suppose 19*h = 13*h - 8454. Let f = h + 3166. Is f a prime number?
False
Let p be 1 + 0/3 - -5. Suppose -3*x = p, 3*a + x = -157 + 2102. Is a a composite number?
True
Is (-1543566)/(-148)*2/3 prime?
False
Let s(t) = 3*t**2 + 5*t + 1. Suppose 8*g - 16 + 72 = 0. Is s(g) prime?
True
Suppose -m - 2*y = -5*m - 4202, 2*m - 4*y = -2116. Let f = -467 - m. Is f a prime number?
False
Let l(v) = 3*v**3 + 20*v**2 - 62*v + 22. Is l(12) composite?
True
Let w(s) = -3417*s**3 - 4*s**2 - 7*s - 5. Is w(-2) a composite number?
False
Let h(j) = -16 + 55 - 16 - 3*j**2 - 24 - 2*j**3 - 6*j. Let i(q) = q - 4. Let l be i(0). Is h(l) a prime number?
True
Suppose 0 = -5*u - 10, -2*a + 0 = 5*u + 2. Suppose 2*o + 4*n = -o + 3253, -8 = a*n. Is o a prime number?
True
Let r(s) = -s**3 + 16*s**2 - 15*s + 5. Let v be r(15). Suppose -2*c - 794 = -2*i, v*i + 2*c = -0*c + 1985. Is i a composite number?
False
Let d be -3*(1 - 2)*1. Suppose 0*f + d*f + 5*a = -13, a + 5 = 0. Suppose -4*v = 3*x - 1571, -f*x - v = -2*x - 1044. Is x a prime number?
True
Suppose -4*y - 2*b + 3678 = -1770, -4*y + 5450 = 3*b. Is y composite?
False
Suppose 4 = -p - 3. Let d = 1 + p. Is (-4)/d + (-2560)/(-12) a prime number?
False
Let t = -5037 + 15682. Is t composite?
True
Let w = 44 + -46. Is (1/2)/(w/(-6628)) composite?
False
Let j = 8 - 5. Suppose 0 = 2*v + v - j. Let k(b) = 382*b**3 - b**2 + b - 1. Is k(v) composite?
True
Suppose 3*p + 1 = 2*r, 4 = r - 2*r + 3*p. Suppose 562 = r*m - 733. Is m prime?
False
Suppose 5*g - 5*k - 4170 = 0, 0*g + k + 4154 = 5*g. Suppose -3*x - 1043 = -0*b + 2*b, 2*b + 1073 = 3*x. Let n = g + b. Is n composite?
True
Let t = 1208 - -1371. Is t composite?
False
Let f(c) = 2*c**2 + 18*c + 15. Let g be f(-8). Is (g - 5/(-2))*(-23176)/(-12) composite?
False
Suppose 12*t = 32*t - 803260. Is t a composite number?
False
Let k be (-85)/(-4) + 8/(-32). Suppose 2*n - 12 = 2*b, n + k = -b - 3*n. Is (-32)/(-144) - 4255/b prime?
False
Let j be -2986*(4 - ((-4)/(-8) + 4)). Suppose n - 1523 = -4*h, 3*n - 3055 = -5*h + j. Is n a composite number?
False
Let b be (-36)/24*6320/(-15). Suppose n - 3*n = -10. Suppose -q + n*q = b. Is q composite?
True
Is (-2889)/(-1) - (4 + -12) a composite number?
False
Suppose -2*v = -3*c - 44105, -4*c - c = v - 22046. Is v composite?
False
Suppose 4*w + 6 = 7*w - 3*j, 5*w = -2*j + 31. Let g(b) = b**2 + 4*b + 5. Let u be g(-5). Suppose -u*n = -w*n - 475. Is n a composite number?
True
Suppose 2*x = -2*x + 188. Suppose 5*j - 13 = x. Let q = j + -1. Is q a prime number?
True
Suppose 0 = -2*b - 5*x + 14, -4*b - b + 52 = 4*x. Suppose -3*p - b = -p. Let w(v) = v**2 + 2*v + 7. Is w(p) a prime number?
True
Let p = 496 - 5. Is p a prime number?
True
Let t(h) = 7*h**3 - h + 1. Let u be t(5). Suppose -9*w = -5168 - u. Is w a prime number?
False
Let i = 2 + 2. Suppose i*u + 35 = 5*u. Let m = u - 4. Is m prime?
True
Let d(z) = 4*z**2 - 18*z + 6. Let x be d(10). Let h = x - 356. Let w = 503 + h. Is w composite?
False
Suppose 5 = k - 0. Let d(n) be the third derivative of n**6/120 - n**5/15 + n**4/24 + 5*n**3/6 + 7*n**2. Is d(k) a prime number?
False
Let y be ((-2 - 15/(-6)) + -306)*-10. Suppose 928 - y = -3*q. Is q a composite number?
False
Suppose 9660 = o + 433. Is o composite?
False
Let m = -25 - -60. Let w be (20/m)/((-8)/(-196)). Let h = w + 5. Is h a composite number?
False
Let w = -18258 + 52905. Is w composite?
True
Suppose -3*x - 41 = -4*w - 8*x, 3*w - 5*x = -13. Suppose 6*r = w*r + 762. Is r a prime number?
False
Let g = -7 - -19. Let x(q) = -129*q + 7 + 257*q - 124*q. Is x(g) a composite number?
True
Let i(c) = -29 - 24 - 24*c - 98*c. Is i(-6) prime?
False
Let b = 52885 + -21992. Is b a prime number?
True
Let v = 17 - 13. Suppose 0 = -0*l - v*l - 16, -24 = -4*f + 3*l. Let u = 46 + f. Is u a prime number?
False
Let v be 1*((-3)/(-18) + (-1)/6). Suppose v*r - 2045 = -5*r. Is r composite?
False
Let t(c) = 57*c**2 - 18*c + 427. Is t(24) prime?
False
Suppose 0 = -3*p + 6*p - 4*m + 1563, -3*p + m = 1563. Let f = p - -966. Is f prime?
False
Let o = -30 - -30. Suppose -3*h - h + 572 = o. Is h composite?
True
Is (-67689 + 5)*(5 + 42/(-8)) a prime number?
True
Is (-3 - 0)/(1004475/(-71745) - -14) a composite number?
False
Let b be 222 + -4 - (-1 + 3). Let a = b - -7. Is a composite?
False
Let r = 63 - 63. Let w(l) = -l**2 + l + 673. Is w(r) prime?
True
Let g(p) be the first derivative of p**2/2 + 12*p - 16. Is g(10) a prime number?
False
Let s be 4 - (0 - (-3 - -4)). Suppose 4*n + 0*f = f - 3, -s*n = f + 6. Let o(z) = 318*z**2 + z. Is o(n) prime?
True
Suppose -3*l = 3*l + 660. Let g = l + 179. Is g a prime number?
False
Is -39219*(9 - 252/27) composite?
True
Suppose 0 = 5*m + 2*w - 18205, 3*m = w + w + 10923. Is m composite?
True
Suppose -4*z = -2*f - 8, -3*f + 5*z = 2*z. Suppose -2*r + 29 = -3*v - r, 0 = 3*v - f*r + 35. Is (39/v)/(3/(-18)) a prime number?
False
Suppose -1045 + 4187 = k. Is k a composite number?
True
Is 5/(-30) - (-1 - 46573/6) a composite number?
True
Let c be (-3)/5 - ((-13)/5 + -4). Suppose c*n + i - 1087 = 5*n, -3*n - 5*i = -3261. Is n composite?
False
Suppose 4*n - n = -2*d + 5029, 5*d - 25 = 0. Is n a prime number?
False
Let q(z) = 22*z + 11. Suppose 2*f + f = 33. Is q(f) prime?
False
Let s = 204 + 135. Is s a prime number?
False
Let z = 7 - -1. Let j = z + 270. Is j a composite number?
True
Is ((-6)/4)/((-42)/928732) composite?
True
Let h(l) = 3*l**3 - l**2 - l + 1. Let m be h(1). Suppose m*a = -4*w + 794, -w - 4*a = a - 176. Is w a composite number?
True
Suppose -5*x = -8*x - 1608. Let p = x - -958. Is p a composite number?
True
Let z = 22 + -32. Let f = -7 - z. Suppose -5*r + s + 700 = -4*s, -2*r - f*s + 295 = 0. Is r composite?
True
Let l be -3*(-3 - (-1 + -3)). Is ((-1)/l)/((-11)/(-85107)) prime?
True
Let w(x) = x + 727. Let b = -22 - -21. Let q be b/6 - (-6)/36. Is w(q) a composite number?
False
Suppose 5*c + 4*s = -0*c + 2217, -3*c + s = -1337. Is c a composite number?
True
Let w be 0/(1 - (3 + 2))*-1. Suppose w = -8*b + 15*b - 8057. Is b a composite number?
False
Let v = 12839 + -940. Is v a prime number?
False
Let l = -7 + 2. Let i = 7 + l. Suppose h - i*h = -127. Is h a composite number?
False
Let x(p) = p**3 + p + 113. Suppose 4*a + 2 = 2*k, 5*k - 5 = 2*a + a. Is x(a) composite?
False
Let z be (-44)/((-3 - -4)*1 - 3). Let y(c) = c**2 - 8*c + 65. Is y(z) a composite number?
False
Suppose -3*o + 2 + 2 = -h, 4 = -h. Suppose -q - 13 = -4*r, 5*r - 2*q - 17 = -0. Suppose 5*i + p = -o*p + 785, -4*p = -r*i + 471. Is i prime?
True
Let f(h) = -h**3 + 4*h**2 + 2*h + 4. Suppose 8 + 4 = 3*g. Let k be f(g). Is 42/9*1098/k a composite number?
True
Let t = -44 + 493. Is t a composite number?
False
Suppose 0 = -s - s + 16. Let f(r) = -r**3 + r - 1. Let w(m) = -2*m**3 + 11*m**2 - m + 10. Let a(v) = -f(v) + w(v). Is a(s) prime?
False
Let f(n) = -3*n**3 + 3*n + 2. Let x be f(-1). Suppose p = -x*u + 373, -p + 374 = 2*u + u. Is p prime